et n be d(-15). Calculate the greatest common factor of 11 and n.
11
Let c = 372 - 15. Calculate the highest common factor of c and 21.
21
Let c be 7 - ((-12)/(-14) - 8/(-56)). What is the highest common factor of c and 15?
3
Suppose -1 = 4*x - 9. Let c(u) be the first derivative of 17*u**2/2 + 2*u - 3. Let y be c(x). What is the greatest common divisor of y and 4?
4
Suppose -2*d - 91 = -259. Let c = -36 + d. What is the greatest common divisor of c and 12?
12
Suppose 6 = -3*n + 15. Let c be (300/(-2) + 0)/(-1). Suppose -3*a = 2*a - c. What is the greatest common divisor of a and n?
3
Let n = -6 - -28. Calculate the greatest common factor of n and 11.
11
Suppose 333 = v - 0*v. Suppose 5*l = v + 7. Let q be l*(-1 - (-13)/4). Calculate the highest common factor of q and 17.
17
Suppose -t = -2*l - 3*l + 47, -3*l - t + 33 = 0. Calculate the greatest common divisor of 10 and l.
10
Let y(h) = -33*h - 4. Let k be y(-4). Suppose 0 = -2*x + 4*z + k, -3*x + 6*x = -3*z + 147. Calculate the highest common divisor of 6 and x.
6
Let s be ((-2)/(-6))/(2/12). Let v(o) = 2*o - 6. Let f be v(6). Let d be (8/f)/((-12)/(-18)). Calculate the greatest common divisor of s and d.
2
Suppose 7*x - 6*x - 60 = 0. Suppose 0 = 2*f + f - 4*y - 20, -5*y = -5*f + 40. What is the highest common factor of f and x?
12
Let j = 12 - 8. What is the highest common divisor of 1 and j?
1
Suppose 0 = -2*n + 8, -2*b + 12 = -n. Suppose b = 2*o, -2*o + 52 = z - 0. Calculate the greatest common divisor of 22 and z.
22
Suppose 0 = -h, u + 5*h - 79 = 31. Let q(g) = g + 12. Let p be q(-8). Suppose -o + 220 = p*o. What is the highest common divisor of o and u?
22
Suppose -2*y + 17 + 13 = 0. Let u = 24 - y. Suppose -2*a + 5 + 7 = 3*m, 4*a + 30 = 3*m. What is the highest common divisor of m and u?
3
Let g(j) = 2*j**2 - j. Let n be g(-2). What is the highest common factor of n and 20?
10
Suppose -1 + 10 = 3*k. Suppose -23 = -k*q + 61. Suppose 0*w + w = -4*i + 11, -2*w = 5*i - q. Calculate the greatest common divisor of 19 and w.
19
Suppose 10*g - 4405 + 645 = 0. What is the greatest common divisor of 47 and g?
47
Suppose v - 17 - 9 = -3*d, 5*v - 2*d = 130. Calculate the greatest common divisor of v and 234.
26
Suppose 5*s = 4*s + 54. What is the highest common divisor of 135 and s?
27
Let x(b) = b**3 - 23*b**2 + 21*b + 27. Let h be x(22). What is the highest common factor of 35 and h?
5
Suppose -4*s + 3 = 7. Let x be -1*(2 + s) + 262. Suppose -5*b + 259 = -x. Calculate the highest common divisor of b and 13.
13
Suppose -q + 4*q = 12. Suppose -q*l - 8 = -44. Calculate the greatest common divisor of 45 and l.
9
Suppose 0 = -7*b + 3*b + 20. Let p = 3 - b. Let v(x) = -2*x**3 - 2*x**2 + 2*x + 2. Let s be v(p). What is the greatest common divisor of 66 and s?
6
Let y = -7 - -10. Let w be (-5 + y)/(1/(-8)). Let r be (-161)/(-4) - 1/4. What is the highest common factor of w and r?
8
Let l(c) = c + 10. Let i be l(-9). What is the highest common factor of i and 1?
1
Let o(a) = a**3 + 4*a**2 - a - 4. Let z = 22 + -16. Let b = z - 3. Let x be o(b). Calculate the greatest common divisor of x and 8.
8
Suppose 0 = -2*c + 4*c - 32. Let u = 25 - c. What is the greatest common factor of 45 and u?
9
Let k(o) = -o**3 + 7*o**2 + 12*o - 8. Let t be k(6). What is the highest common factor of 20 and t?
20
Let q(f) = -f + 1. Let i be q(1). Suppose i = 6*m - 2*m + 4*s - 140, 4*m = 3*s + 147. Let t be (15/2)/(2/m). Calculate the highest common factor of 15 and t.
15
Suppose 5*h + 10 - 90 = 0. What is the greatest common divisor of h and 48?
16
Let o = -332 - -444. Suppose -2*l = l - 48. What is the greatest common factor of o and l?
16
Let k = -1 + 5. Suppose -2*x = 2*x - 4*u - 32, 4*x + k*u = 8. Calculate the highest common divisor of x and 25.
5
Let h(y) = 2*y - 18. Let s be h(12). Let v be 4 - (s/(-3) - -1). What is the highest common divisor of 40 and v?
5
Let f be 949/65 + (-4)/(-10). Let b be ((-8)/(-3) - 1)*45. What is the greatest common factor of b and f?
15
Suppose 9*x - 65 = 4*x. What is the greatest common divisor of x and 65?
13
Suppose 0*s = 2*s - 48. Let v be (2 + 1)*(10 + 2). What is the greatest common divisor of v and s?
12
Let s(u) = -2*u**3 - 2*u**2 + 5*u - 1. Suppose 2*w = -3*w - 20. Let o be s(w). Calculate the highest common factor of o and 15.
15
Suppose -4*h = -3*c - 23, -5*c = 43 - 18. Let d be h + 1*-3 - -3. Let q = 2 + 3. Calculate the highest common factor of d and q.
1
Let u = 16 + 35. Let b be (-1)/((-84)/(-17) - 5). Calculate the highest common divisor of u and b.
17
Suppose 3*u - 168 = 3*a + 2*a, 0 = u + 2*a - 56. Calculate the greatest common divisor of 8 and u.
8
Suppose -4*w = -w - 54. Calculate the highest common divisor of 27 and w.
9
Let a be (0 - -3)*24/18. Suppose -a*t + 0 = 4, t = 3*o - 31. Calculate the greatest common divisor of 10 and o.
10
Let c(w) = -w**3 + 8*w**2 - 3*w + 10. Let o be c(7). Let r = 172 - 115. What is the highest common factor of r and o?
19
Suppose -2*i - 450 = -7*i. Suppose 121 = 5*o + 2*w, -5*w + i = o + 3*o. What is the highest common factor of 5 and o?
5
Let k = -24 - -34. Let y = k - 4. Calculate the highest common factor of 12 and y.
6
Suppose 10*w + 9 = 13*w. Calculate the highest common factor of 27 and w.
3
Let p be 3/(-2)*(-66)/9. What is the highest common divisor of 11 and p?
11
Let f be 64/(-1 - -2) + -1. Let h be 12/(-3)*(1 + -2). Suppose -3*m - j = -23 + 1, -25 = -h*m + 3*j. What is the greatest common divisor of f and m?
7
Let d(k) = 4 - 5*k**2 - k + k**2 - 5 + 8*k**3 + 0*k**2. Let p be d(3). Suppose 16 = 2*u - 16. What is the highest common factor of u and p?
16
Suppose -2*o + 13 + 5 = 0. What is the highest common factor of 36 and o?
9
Let b(h) = h**2 + h + 15. Let l be b(7). Let j = 107 - l. Calculate the greatest common divisor of 4 and j.
4
Let h = 72 + -48. Let l = h + -13. Calculate the highest common factor of 22 and l.
11
Suppose -2*z - 415 = -5*v + z, -305 = -4*v - 3*z. Suppose 2*n = -k + 60 - 16, 3*n + 5*k = v. Calculate the highest common factor of 20 and n.
20
Suppose -2*i - 12 = -i. Let n be 15/4 - 3/i. Suppose 0 = -n*w + o + 284, -4*o - 230 = -3*w + o. Calculate the highest common factor of w and 28.
14
Let k = 770 - 240. Let g = k + -2. Suppose -g = -7*z + 3*z. What is the highest common divisor of 12 and z?
12
Suppose 0 = -4*v + 2*i + 398, 3*v - 227 = -4*i + 55. What is the highest common factor of v and 14?
14
Let w(a) = a**2 - 3*a - 2. Let r be w(6). What is the greatest common factor of r and 80?
16
Let k = -5 - -10. Suppose -4*y = -5*t + 14, -1 = -5*t + 3*y + 12. Let n be 1 + 1 + k*t. Calculate the highest common divisor of 8 and n.
4
Let f be (2/(-4))/((-2)/8). Let u = -22 - -20. Let m be (6 + u - -2)/f. What is the greatest common divisor of 12 and m?
3
Suppose -12*g + 957 = -g. What is the highest common factor of 58 and g?
29
Let m be (-3263)/(-91) + (-1)/(-7). Calculate the greatest common factor of 9 and m.
9
Suppose -32 = -3*b + 5*q, 2*b - 4 = -4*q + 10. Calculate the highest common factor of b and 18.
9
Let m be (24/(-10))/((-6)/200). Let n(b) = 33*b - 1. Let r = 7 + -6. Let c be n(r). Calculate the highest common factor of c and m.
16
Suppose -y + 4*j = -j - 45, 0 = 3*y - j - 135. What is the highest common factor of y and 15?
15
Suppose 243 - 86 = 3*l - 4*c, 4*l = 3*c + 207. What is the highest common factor of 34 and l?
17
Suppose h + 11 = 2*h. Suppose -61*d + 220 = -51*d. What is the greatest common factor of d and h?
11
Let b = 37 + -22. Suppose 1 = 2*j + 3*g - b, 0 = 3*g. Let o = -47 + 79. What is the highest common divisor of j and o?
8
Suppose 5*x = 2*x. Suppose 0 = -r - x*r + 26. Calculate the highest common factor of r and 39.
13
Let w be -9*4/(-6) + 1. Calculate the greatest common factor of w and 7.
7
Suppose 2*o = 4, -5*o - 73 = -5*x + 617. Let d = -3 - -23. Calculate the greatest common divisor of x and d.
20
Suppose 2*m + 5*j - 29 = -6, -5*j - 5 = 0. What is the greatest common factor of 70 and m?
14
Let g be (2 + -3)*(2 + -4). Suppose 3*k + 285 = 5*p, 5*p - 2*k = g*p + 172. What is the highest common divisor of p and 18?
18
Let a be (3 + -84)/(1/(-3)). What is the greatest common factor of a and 27?
27
Let i = 8 - 14. Let r be 84/(-8)*40/i. What is the greatest common factor of r and 14?
14
Supp